c**2 - c + 90. Let n be q(-12). List the prime factors of 1 + n/24 - (-1903)/4.
5, 19
Let f(r) = 6*r - 56. Suppose -4*b - 4*m - 6 = -26, 3*m + 33 = 5*b. Let d be f(b). Let y = 44 + d. List the prime factors of y.
2, 3
Let b be 47/(-3)*(63/(-7) - -6). Suppose -48*r + b*r = -182. What are the prime factors of r?
2, 7, 13
Let d be 7 + (-174)/18 - 1/3. Let a(s) = -s**2 - 2*s + 7. Let z be a(d). Suppose -4*q + 3*q = 5*h - 684, 0 = -z*h - 2*q + 552. List the prime factors of h.
2, 17
Suppose 3*v - 9 = -b, -6*b + 2*b + 12 = 4*v. Suppose -4*c - 3*q - 43 = 0, 0 = c - 2*q - v*q + 5. Let i = 13 - c. What are the prime factors of i?
23
Let o(k) = 2*k**2 + 39*k + 28. Let l be o(-26). Suppose 365*i + 546 = l*i. List the prime factors of i.
2, 3, 7, 13
Suppose -11*j = -30*j - 608. Let y = 529 - 378. Let h = j + y. List the prime factors of h.
7, 17
Let t = 28 + -26. Suppose 3*f = t*f - 3, f + 7 = q. What are the prime factors of q?
2
Suppose -74*b + 2*l = -75*b + 7385, -l = -4*b + 29567. What are the prime factors of b?
19, 389
List the prime factors of -12961*16/(-128)*8.
13, 997
Let f(c) = -4*c**3 + 2*c**2 - 3*c - 8. Let o(w) = -2*w - 2. Let z be o(1). Let r be f(z). Suppose m = -m + r. List the prime factors of m.
2, 73
Let q = -3668 + 13486. List the prime factors of q.
2, 4909
Suppose -45 = -5*w - 130. Let j = 21 + w. Suppose 4*o + 0*c = -5*c + 58, j*o - 60 = -4*c. What are the prime factors of o?
17
Suppose -20*j + 24*j = 144. Let b be 0/(4/6*j/8). Suppose 3*l = -b*l - 2*p + 226, -3*l + p + 238 = 0. What are the prime factors of l?
2, 3, 13
What are the prime factors of 8110*(3 - 55/15)/((-8)/6)?
5, 811
Let a(k) = 4*k**2 - k - 6. Let x = 31 - 25. Let p(f) = 7*f**2 - 2*f - 11. Let o(b) = x*p(b) - 10*a(b). What are the prime factors of o(8)?
2, 53
What are the prime factors of (-8)/(-10) + (-11315636)/(-505)?
2, 2801
Suppose -z - 94 = 3*c - 790, z - c = 712. List the prime factors of 636*(z/504 + (-4)/(-42)).
2, 3, 53
Let g be 8/(-5)*10/(-4). Suppose g*o - 715 = -o. Suppose 0*a + 2*p + 94 = 2*a, o = 4*a + 5*p. What are the prime factors of a?
2, 3, 7
Let v = -53 + 50. Let o be -15*(-6*1 - -1). List the prime factors of 5/(o/99)*(v - -18).
3, 11
Let u(m) = 21*m - 114. Let k be 567/33 + (-6 - 64/(-11)). What are the prime factors of u(k)?
3
Let z(m) = -3*m**2 - 5*m - 68. Let i be z(-7). What are the prime factors of -28 - -33 - (0 + i)?
5, 37
Suppose -63*j + 3*j + 439620 = 25*j. List the prime factors of j.
2, 3, 431
Let c(u) be the second derivative of -u**5/20 - 2*u**4/3 + 11*u**3/3 + 2*u. Let b(p) = -17*p + 1298. Let d be b(77). List the prime factors of c(d).
11
Suppose -16*f + 14*f = 10, -3*f + 18007 = 2*n. List the prime factors of n.
9011
Suppose 0 = -75*a + 327047 + 4312453. List the prime factors of a.
2, 3, 5, 1031
Suppose 4*b - 17 - 7 = 0. Let r be (-32)/b + (-8)/12. List the prime factors of (-4 - 18/r) + 50.
7
Let m = -237 - -235. List the prime factors of 0/m - 199/(-1).
199
Let l(h) = -h**3 + 17*h**2 - 17*h + 22. Let s be l(16). Suppose s*p = p - 110. Let v(i) = -11*i - 46. What are the prime factors of v(p)?
2, 7
Suppose 5*f = 4*w + 96081, f - 21112 = 6*w - 1901. List the prime factors of f.
11, 1747
Let q(z) = z**3 - 13*z**2 - 13*z - 10. Let t be q(14). Suppose 2908 = t*h + 4*g, -3*h + 4*g + 2019 = -141. What are the prime factors of h?
2, 181
Suppose -11 = 3*j + 4*i, 0 = -4*j - 10*i + 5*i - 13. What are the prime factors of 10425/20 - j/12?
521
Let w(z) = -z**3 - 7*z**2 + 17*z - 5. Let m be w(-9). Let l be 19*(-4)/m*-8. Suppose 4*x - 229 = -3*o, 2*o - l = x - 4*x. What are the prime factors of o?
79
Suppose v - 5*t - 14913 = 2500, 2*t = -4. List the prime factors of v.
3, 5801
Let l be -122 - 8/5*5. List the prime factors of l/(-78)*3039/5.
1013
Let w = 855 - 362. Suppose 0 = 5*a - w - 302. Suppose -a = -12*u - 27. List the prime factors of u.
11
Let g(d) = d**2 + 13*d**2 + 3*d - 2*d + 14*d**2. Let t be g(-1). Suppose t*w - 18 = 24*w. What are the prime factors of w?
2, 3
Let i be -4 - (-18 - -5) - (0 - 1). What are the prime factors of -4*(-265)/i - -2?
2, 3
Let k(x) be the first derivative of -x**3/3 - 49*x**2/2 - 14*x - 101. What are the prime factors of k(-32)?
2, 5, 53
What are the prime factors of ((-7)/((-35)/1058))/(17/2295)?
2, 3, 23
Let g(s) = -394*s**2 + 9*s + 5. Let o(t) = 3*t**2 - t + 1. Let m(p) = -g(p) - o(p). What are the prime factors of m(-2)?
2, 787
Let m(n) = 5*n**3 - 55*n**2 - 20*n - 102. List the prime factors of m(17).
2, 11, 17
Let u(j) = 69*j**2 + 70*j - 492. What are the prime factors of u(8)?
2, 19, 59
Let z(i) = 2*i**2 - 4*i - 69. Let k be z(9). Suppose 71*n = k*n + 11186. List the prime factors of n.
17, 47
Let o = 15001 - 2072. List the prime factors of o.
7, 1847
Let n(j) be the second derivative of -j**5/20 + j**4 - j**3/2 - j**2 + 38*j. Let r be n(7). Let k = 429 - r. What are the prime factors of k?
3, 23
Let b = -135 + 528. Let l = b + -277. What are the prime factors of l?
2, 29
Let o(y) = -4*y**2 - 11*y - 5. Let a be o(5). Let q = 514 + a. Suppose 0 = -4*w - 2*g + q, -3*g - 1 + 4 = 0. List the prime factors of w.
2, 11
Let s = 1323 - 853. Suppose -20*j + 15*j + s = 0. Let q = j - 3. List the prime factors of q.
7, 13
What are the prime factors of (918/18)/((-5)/(1 + -146))?
3, 17, 29
Let a(o) = -2*o - 38. Let f be a(15). Let r = f - -78. Suppose 0*p - 1520 = -r*p. List the prime factors of p.
2, 19
Let i(g) = -2*g**3 + 3. Let q be i(0). Suppose 3*z - 3*b = 22 + 530, -547 = -3*z - 2*b. What are the prime factors of (-8)/(-6)*z/2 - q?
7, 17
Let s(x) be the third derivative of 11/6*x**3 + 0*x - 4*x**2 + 1/12*x**4 + 0. What are the prime factors of s(3)?
17
Let i = -25 + 47. Let h = 19 - i. List the prime factors of (-966)/(-12) + h/(-2).
2, 41
Let o(s) = 21*s + 1729. What are the prime factors of o(-9)?
2, 5, 7, 11
Suppose 0 = -37*u - 33*u + 1885597 - 272937. List the prime factors of u.
2, 11519
Let r(g) = -63 + 27*g + g + 33*g. List the prime factors of r(12).
3, 223
Let s = 179526 - 99973. List the prime factors of s.
19, 53, 79
Suppose -4*f + 8731 = -6153. What are the prime factors of f?
61
Suppose 0 = 60*z + 38*z - 39*z - 1259532. What are the prime factors of z?
2, 3, 593
Suppose 5*j - 3*h - 161712 = 0, j - 5*h - 9118 = 23264. List the prime factors of j.
3, 3593
Suppose 2*o + 12 = 2*u, 4*o = -0*o - 5*u - 33. Let q(m) = 2*m**2 + 5*m + 33. Let d be q(o). Suppose 26 = -7*r + d. List the prime factors of r.
2, 5
Suppose -3*v + 11 = 3*a - 2*v, -4*v - 31 = -3*a. Suppose 3*l = -a*b + 205 + 116, 4*l + 12 = 0. Let f = b - -60. What are the prime factors of f?
2, 3, 7
Let a = 212 + -210. Suppose w - 30 = 4*z, a*z - 3*z - 25 = -2*w. What are the prime factors of w?
2, 5
Let a = -95 + 93. What are the prime factors of (-4 + a - 72)*-3?
2, 3, 13
Let k = 679 - 669. List the prime factors of (-1 - 1)*k/20 + 869.
2, 7, 31
Suppose -27*n + 259645 = -147797 - 436200. What are the prime factors of n?
2, 17, 919
Let u = 233 - 245. List the prime factors of (-31218)/(-51) + u/102 + 0.
2, 3, 17
Suppose -l + 1 = -1. Suppose f + l*f - 15 = 0. Suppose -f*h = -z + 2*z - 189, 3*z - 12 = 0. List the prime factors of h.
37
Let r(k) = 9 - 2 - 6*k + 3. Let a be 1/(-1*2*(-5)/(-20)). List the prime factors of r(a).
2, 11
Suppose -16*m - 24*m + 80 = 0. Suppose 3*n = 4*y - 2 + 24, 5*n = 4*y + 26. Suppose 0 = -2*g - m, n*s - 3*s + 3*g + 65 = 0. What are the prime factors of s?
2, 31
Let z be (4/3)/(6 + 350/(-63)). Suppose -z*t = -3*m + 2313, -28*t + 29*t = -3. List the prime factors of m.
2, 3
Suppose -226*l - 8876 = -219*l. Let n = l + 1890. List the prime factors of n.
2, 311
Suppose 8*v = 2*c + 5*v - 12255, -2*v + 30590 = 5*c. List the prime factors of c.
2, 3, 5, 17
What are the prime factors of (0 - -2056) + (-11 - (-7 - -2))?
2, 5, 41
What are the prime factors of 387/(-774)*(-1)/(2/11588)?
2897
Suppose -2*q + 4*q = 94. Let z = -8851 - -8925. Let x = q + z. List the prime factors of x.
11
Let r be ((-132)/(-8))/(-11) + 1487/2. Let x = 1781 - r. What are the prime factors of x?
1039
Let k = 26 - 25. Let r = 21 + k. Suppose 2*s = 80 - r. What are the prime factors of s?
29
Let f(s) = -16502*s**3 - 10*s**2 - 17*s - 4. What are the prime factors of f(-1)?
5, 3301
Suppose 2*v = 4*q - 2516, 4*v - 482 = 3*q - 2359. What are the p